t is 2 + 2 + (-4 - 0) + 4?
4
-1 + (-1 - ((-4 - 3) + 2))
3
-2 + -5 + (1 - -3) + 5
2
What is the value of -3 + (1 + 0 - 0) + -6?
-8
What is -6 - (-5 - -7 - 7) - 2?
-3
(3 - -1 - 2) + 2 + -2
2
What is -18 + 12 - (2 - 3)?
-5
What is (-10 - (1 + -5)) + 1 + 3?
-2
What is 10 + (-9 - -4 - 0)?
5
-32 + 35 - (0 + -1 + 1)
3
Calculate (1 - 2 - (-20 - -17)) + -8.
-6
What is the value of (-7 - (-3 + -1)) + 8?
5
Evaluate -4 + 1 + 1 + -6.
-8
Calculate 8 - 10 - (-4 + 0) - -3.
5
What is the value of -2 + -4 + 6 + -5?
-5
Evaluate 19 + -18 - (0 + 6).
-5
Calculate -6 + (14 + -7 - 0).
1
2 + (4 - (4 + -1) - -2)
5
What is 0 - (1 + -3 + 3)?
-1
Evaluate (-5 - -3) + 0 + 3 - -1.
2
Evaluate -3 + 4 + (3 - 4).
0
What is the value of -2 - ((0 - 5) + (-50 - -52))?
1
Evaluate 4 + -4 + -4 - -8 - 9.
-5
Evaluate -5 + (3 - 3) + (0 - -1).
-4
Evaluate 2 - (1 + (-4 - -2)).
3
What is 3 + 1 - (4 + 0 - 10)?
10
-18 + 1 - (-27 + 16)
-6
What is -2 + 6 + (12 - 11)?
5
Evaluate 6 - (12 - 8) - 9.
-7
Evaluate 4 - (15 - -5) - -9.
-7
8 + (-2 + -5 - 4)
-3
Evaluate (-1 - -3) + -7 + 10.
5
Calculate -1 + 4 + 3 + -1 + -1.
4
What is -2 + 1 - (14 - 17)?
2
What is (3 + -8 - -5) + 0 - 3?
-3
What is the value of 2 - (-2 + -4) - 2?
6
What is -3 - ((8 - 11) + -7)?
7
What is the value of 10 - ((19 - 7) + 2)?
-4
Calculate -1 + -1 + -2 + 1 - -3.
0
Calculate -4 + 2 + 5 + -2.
1
4 + 2 + (-2 - 4)
0
What is the value of -1 - (-3 - (-4 - 5 - -4))?
-3
Calculate (109 - 110) + 1 + -2 + -4.
-6
What is (5 + -9 - 8) + 5?
-7
Evaluate 2 - 1 - (-2 + -2).
5
What is -6 + 7 + 0 + 0 + 7?
8
-1 + -2 + -1 + 0
-4
Evaluate -3 + 6 + -4 + (1 - 2).
-2
What is 23 + -17 + -2 + 0 + -1?
3
What is the value of (-7 - 2) + (-4 - -4 - -4)?
-5
Evaluate 19 - 11 - 8 - -6.
6
What is 7 - 10 - -2 - -4?
3
(3 - 0) + (-6 - 0)
-3
What is the value of -12 + 7 + 7 + (-4 - -3)?
1
Calculate -9 + 4 + -2 + 3.
-4
5 + -12 - (-1 + -2)
-4
-1 + 2 - (-2 + 3 + 1)
-1
3 + (2 - 0 - 3 - -2)
4
What is the value of (22 - 8) + -7 - -2?
9
Evaluate (0 - (-3 + -3)) + -4.
2
Calculate (2 - 3) + (0 - -2) + -4.
-3
What is the value of 2 + -1 - ((9 - 11) + 4)?
-1
Evaluate 12 + -4 - (2 + 8).
-2
Evaluate -4 + 5 + -1 + -5.
-5
What is -2 + 1 + (0 - -2)?
1
Calculate -4 + (1 + -5 + -4 - -5).
-7
Calculate 8 + -7 - (-1 - (1 + -6)).
-3
What is the value of -7 - (-6 - 1) - 3?
-3
What is the value of (-6 - -9) + -5 - 3?
-5
What is 2 - 4 - (-4 - -1)?
1
Calculate -10 + (-1 - -6) + 3 - -2.
0
Calculate (-2 - 3) + (-1 + -2 - -6).
-2
Evaluate -2 + -7 + 16 + -5.
2
Calculate (-4 - (-1 - 7)) + -9.
-5
What is the value of 10 - (1 - -2 - -7)?
0
Calculate 5 - ((3 - (-2 + 2)) + -1).
3
Evaluate -3 - (-2 + -5) - (-2 - -2).
4
Evaluate 0 - (5 + -5) - (-2 - 0).
2
7 + 8 + -9 - 6
0
1 - (-1 + -2 + 2 - -2)
0
0 + (0 + (2 - -3) - 1)
4
Calculate -3 - -12 - (-2 + 7).
4
Calculate -1 + 1 - (12 - (2 + 7)).
-3
-1 - (4 + (0 - 4) + 4)
-5
Calculate -13 + 2 - -2 - (-26 + 27).
-10
Calculate (-3 - (10 + -8)) + 1.
-4
Evaluate -3 + (4 - 6) + 6 + -2.
-1
What is the value of -7 + (22 - 11) + -9?
-5
Calculate 0 + (5 - 9) + -1.
-5
Evaluate 1 + 3 + -2 - (-5 - -12).
-5
-3 - -2 - -2 - (54 + -49)
-4
What is (-2 - (-3 - -2)) + 5 + -4?
0
Calculate -1 + 4 + 4 + (2 - 14).
-5
What is 29 + -14 + -20 - (-5 + 1)?
-1
-8 + 5 + (1 - 3) + 0
-5
Evaluate -5 + 7 + 0 + 0 + -10.
-8
What is 8 - (4 - -1 - (-2 + 3))?
4
Calculate 19 + -9 - (1 + 3).
6
13 + -9 + (-2 - 3) - -4
3
-7 + 2 + -4 - -5
-4
What is -6 - -12 - 1 - 10?
-5
What is -1 + 1 - (-8 + (6 - -6))?
-4
(2 - -1) + (-15 - -8)
-4
What is the value of 2 + (2 - 3) + (-1 - -4)?
4
Evaluate 1 + (-1 - (1 + -4)).
3
(-4 - -2) + 0 + 2 + -3
-3
What is (1 - -3) + -2 - 2?
0
Evaluate 2 + -12 - (-46 + 32).
4
What is the value of -2 + -11 - (-6 - 1)?
-6
16 + -13 - (-2 + 2 + 5)
-2
What is the value of 17 + -13 - (2 + -1 - -2)?
1
What is the value of 1 + -1 + -5 - -4?
-1
(2 - -3) + 1 + 2 + -7
1
Calculate 13 + -4 - (-3 + 5).
7
-2 + 5 - (15 - 12) - -3
3
What is the value of -6 - (4 - -2 - 12)?
0
What is 0 + 0 + -3 + 5?
2
What is 2 + (0 - 2) - (-16 - -17)?
-1
Evaluate 6 + (-1 - 1 - -9) + -5.
8
What is the value of (1 - 1) + 1 + (27 - 30)?
-2
(1 - 4) + -1 - -9
5
Calculate 7 + -1 + (-8 - -10).
8
(3 - -2) + -3 + -7 + 3
-2
(3 + 1 - 4 - 2) + 1
-1
What is (-2 - (-3 - -2)) + 0?
-1
Calculate 3 + 2 - (1 - (-3 - 5)).
-4
Calculate 3 + 4 + (14 - 16).
5
What is -4 + -4 + -1 + 5?
-4
What is the value of (-7 - (-8 + 5)) + 6?
2
Calculate 13 - (-2 - -7 - 1).
9
What is the value of 8 + -8 - -2 - 8?
-6
What is 1 + 1 + (-3 - 2)?
-3
Calculate 6 + 1 + -5 - -1.
3
What is -3 + 1 + 6 + -6?
-2
Calculate -6 + 7 + 1 - 2.
0
Evaluate -2 + 8 - (-33 + 32).
7
What is -7 + (11 - 0) - 9?
-5
What is (-1 - -7) + -1 + -6?
-1
Evaluate 11 + -7 + -1 - -2.
5
2 - 2 - (-7 - -9) - 1
-3
Evaluate -1 - (0 + 0 + 4 + -2).
-3
What is the value of 10 - (6 + -2) - (5 - 0)?
1
What is the value of (0 - 0) + -1 - (112 - 116)?
3
Evaluate 4 - (7 - 8) - -5.
10
40 - 36 - (-1 - -1)
4
What is the value of 3 + (3 - 4 - 3)?
-1
What is -5 - (-6 + 3 - 4)?
2
Calculate -2 + (-3 + 0 - -3).
-2
What is 1 - -2 - (-23 - -17)?
9
What is the value of 5 - (2 + 3 + 6)?
-6
Calculate 17 - 16 - (4 + -3).
0
Calculate -6 + 8 + (-3 - -3).
2
Calculate 11 + -27 + (8 - 0).
-8
-2 + 1 + (1 - 3) + 0
-3
What is the value of -10 + 5 + 12 + -4?
3
What is 0 + 4 - (0 - -10) - -13?
7
0 - 8 - (168 - 167)
-9
Evaluate -7 - (6 + -1 + -11).
-1
What is the value of 0 + -4 + 11 + (2 - 5)?
4
-3 + 7 + (0 - 11)
-7
Calculate 8 + -6 + (2 - -1).
5
What is the value of 4 + -1 + -8 - -1?
-4
(8 - 19) + 27 + -9
7
Calculate 4 + (2 - 0) - (9 - -3).
-6
0 + 4 + -10 + (12 - 3)
3
Calculate 1 + 2 - (4 - (-5 - -3)).
-3
What is -10 + 1 + (12 - 8)?
-5
What is the value of 8 + -4 + 5 + (-1 - 1)?
7
6 + -14 + 0 + 5
-3
Evaluate 6 - (-1 - (0 + -6)).
1
What is the value of 0 + -3 + 1 + -1 + -2?
-5
What is 5 + (2 - 8) - (0 + -4)?
3
What is the value of -8 - 5 - -14 - (-2 + 2)?
1
Evaluate (-2 - -8) + (-2 - -2).
6
Calculate 17 + -4 - (-12 + 19).
6
What is the value of 14 + (-2 + -4 - 0)?
8
Calculate -4 + (3 - (-5 - -1)) - -1.
4
What is 1 + -3 + -6 + 6?
-2
What is the value of 7 + -13 + 6 - 8?
-8
Calculate (4 - 8) + -3 + 4.
-3
Evaluate -10 + (19 + -11 - 7).
-9
2 - (-2 + (-5 - (-6 + -3)))
0
Calculate 4 - (3 + 4 - -1).
-4
Calculate -10 + (18 - (-1 - -12)).
-3
5 - (-1 + 6) - -4
4
Evaluate (-4 - -5 - 1) + -5.
-5
Calculate -3 - 1 - (-59 + 58).
-3
What is -5 + 17 + -9 + -6?
-3
Calculate 3 + 0 + (5 - 6).
2
-3 + 1 + -2 - -2
-2
Evaluate 0 - -3 - (1 + 4).
-2
(5 - (-10 - -11)) + 4
8
What is the value of -1 - 4 - (-2 - 0)?
-3
(10 - (5 + -2)) + 9 + -14
2
6 + (-3 + 4 - -4 - 9)
2
What is 0 + (3 - (-2 - -1))?
4
-8 - (-2 - 1) - (-4 + 0)
-1
(40 - 38) + 0 + -9
-7
What is the value of 1 + 4 - (7 - 5)?
3
-5 - (-2 + 7) - -16
6
Evaluate 4 + -1 + 1 - 4.
0
-20 - -30 - (-1 + 9)
2
(-1 - (-12 + 1)) + -13
-3
Evaluate 813 + -811 + (0 - 1 - -6).
7
Evaluate (-29 + 5 - -5) + 11.
-8
What is the value of 2 + -3 - (-1 - (-1 - -1))?
0
Evaluate 1 - 2 - (-10 + 11).
-2
What is (-4 - (-2 + 5)) + 3?
-4
Calculate 70 + -71 + 0 + 2.
1
What is the value of 12 + 2 + 1 + -4?
11
What is the value of -3 + -2 + 4 + -3 + 3?
-1
Evaluate (-6 - 1) + -4 - -9.
-2
What is (4 + -8 - -1) + 8?
5
Calculate (3 - 3 - -1) + 2.
3
What is the value of 0 + (-5 - (3 + -8))?
0
What is the value of -1 + -4 - (-21 + 10)?
6
Calculate 1 - 2 - (26 + -22).
-5
What is the value of -4 + 1 + -3 + 2?
-4
What is -6 + (-2 - (3 + 2 + -8))?
-5
What is the value of (1 - (-1 + 2)) + (3 - 5)?
-2
What is -52 + 49 + 1 + -1 - -2?
-1
Calculate 10 + -3 + -4 + -2 + 0.
1
Calculate (8 - (2 + 5)) + -5.
-4
What is 0 + -4 + -1 + 3?
-2
Evaluate 5 + 2 + -5 + -1.
1
Evaluate 0 - (-5 + (-5 + 22 - 4)).
-8
Evaluate 2 + -13 - -7 - -2.
-2
0 + 2 + (0 + -1 - -3)
4
1 + -15 + -15 + 10 + 10
-9
What is the value of 3 + 1 - (-1 - (1 + -2))?
4
-6 + 1 - (50 - 50)
-5
Evaluate 27 + -19 + 1 + -13.
-4
Calculate -4 + (2 - 4 - -10).
4
Calculate 5 - (4 + -4 - -2).
3
0 - 0 - (-7 + 3 + -1)
5
What is the value of (-2 - -11 - 0) + -5 + -1?
3
What is (4 + -3 - -8) + (2 - 6)?
5
What is the value of -1 - (-3 - (-1 - (-6 - -2)))?
5
What is the value of -10 - -4 - 5 - -10?
-1
Calculate -3 + (-2 - 1) + 10.
4
What is the value of 2 + -8 + 0 - (-1 - 1)?
-4
Calculate (-12 - -7) + 4 + 1.
0
Calculate 385 + -380 + (-1 - 10 - 1).
-7
Calculate -2 + (-2 - (-5 + 3 + -3)).
1
Calculate (38 -